2*j = 0. Suppose i = -3*i - z + 279, -3*z - 3 = j. Suppose -3*v = 9, -p - v + 5*v + 22 = 0. What is the greatest common divisor of p and i?
10
Suppose -5*b = -20, 2 = 4*i - 5*b - 2. Let f be (i/4)/(1/42). Suppose 30*l = 47*l - 153. Calculate the highest common divisor of f and l.
9
Let w = 2 + 23. Let h be 5/w - (89/5)/(-1). Let r be (54/(-4))/(3/(-4)). Calculate the highest common divisor of r and h.
18
Let u = 1803 - 1787. Calculate the greatest common factor of u and 1712.
16
Suppose 0 = -0*y - 10*y + 430. Calculate the highest common factor of 43 and y.
43
Suppose 4*a + 9*k = 8*k + 1095, 3*a + 3*k - 810 = 0. Calculate the greatest common divisor of a and 125.
25
Let j = -1337 + 1388. Calculate the highest common factor of j and 2499.
51
Let q(i) = 18*i**2 + i - 1. Let z be q(1). Let s(x) = -x + 7. Let r be s(-3). Let l be 10/r + (1 - -142). What is the highest common divisor of l and z?
18
Let z = -1866 + 2634. What is the highest common factor of 12 and z?
12
Suppose 2*j - 2378 = -5*r, -20*j - 454 = -r - 15*j. What is the greatest common factor of r and 6?
6
Let t be 3 + (-3 + 3 - 1). Suppose 5*r = d + 67, 14 - 5 = r + t*d. Let w = 17 - r. Calculate the greatest common divisor of 12 and w.
4
Suppose -69*n + 68 = -65*n. Suppose -w + 47 = d, 5*w - 4*w + 3*d - 39 = 0. What is the highest common divisor of n and w?
17
Let c = -1972 + 2017. What is the highest common factor of c and 21?
3
Let l = -541 - -591. Calculate the highest common divisor of l and 2.
2
Let s be ((-180)/50)/((18/(-42))/((-30)/(-21))). Let p = 194 + -110. What is the highest common factor of s and p?
12
Let w(p) = p**3 - 22*p**2 + 28*p + 30. Let d be w(21). Calculate the greatest common divisor of d and 59.
59
Let i = -129 - -240. Calculate the greatest common factor of 74 and i.
37
Suppose -8*q = 5*t - 5*q - 95, -4*q = -20. What is the highest common divisor of 88 and t?
8
Let c be 1*135/5 - (8 - 3). Calculate the highest common factor of 99 and c.
11
Suppose 1511 + 2857 = 3*u. Let x be 4/6 - u/(-21). Let o = x - 35. Calculate the highest common divisor of o and 14.
7
Let z(h) = 18*h**3 - h**2 + 3*h - 2. Let d be z(2). What is the highest common divisor of d and 96?
48
Let x = -4 - -9. Suppose -4*z + x*h = 2*h - 19, h - 11 = -3*z. Suppose y + 23 = f, -z*f = 3*y - 54 - 73. What is the greatest common divisor of f and 4?
4
Let a(q) = q + 24. Let r be a(-7). Calculate the highest common divisor of r and 85.
17
Let c be 1 + (5 - -64 - 3). Let l = 11 + -6. Suppose 0*b - 3*b - 4*a = -68, -3*b - l*a = -c. Calculate the highest common factor of 36 and b.
12
Let s = 45 + -43. Suppose 26 = u + 2*z, s*z + 2 + 20 = 2*u. Suppose 3*d - 4*o = 388, 2*d - 4*d + 253 = 3*o. Calculate the greatest common divisor of d and u.
16
Let x(q) = -3*q. Let l(f) = 54*f - 4. Let y(c) = -3*l(c) - 48*x(c). Let o be y(-7). What is the greatest common divisor of 6 and o?
6
Let n(s) = 24*s - 353. Let m be n(15). Calculate the greatest common factor of 119 and m.
7
Suppose -m + 4 = -p, 4*p - 3 = 3*p. Let j be 3*(2 + 2 + -3). Suppose -j = 4*t - m. What is the greatest common divisor of 7 and t?
1
Let l(z) = -z**3 - 5*z**2 + 5*z - 2. Let i be l(-6). Let n be 7/28 - (-59)/i. Let j = n + -7. What is the highest common factor of j and 12?
4
Let r be (565/(-3) + -3)*18/(-12). What is the greatest common factor of r and 369?
41
Let x = 33 - -291. Let s be (1/(-3)*2)/((-1)/x). Calculate the highest common divisor of 27 and s.
27
Suppose -358*x + 373*x - 9165 = 0. What is the greatest common factor of 94 and x?
47
Let r = -810 + 2220. What is the greatest common factor of 30 and r?
30
Suppose 0 = -2*f - 3*t + 11 + 58, 0 = -4*f + 3*t + 129. Calculate the highest common divisor of f and 22.
11
Suppose 517 + 53 = 2*m. Let z = m + -142. Suppose -3*h - 9 = -48. Calculate the greatest common factor of h and z.
13
Let c be -2*(2 + -10*3). Suppose 0*r = -6*r - 6. Let y be (-11 + r)*(-2)/3. Calculate the highest common factor of c and y.
8
Suppose j - 2*t - 16 = 0, -2*j + 2*t + 47 = 13. Suppose -j = -3*q + 3*c + 6, -6 = -2*c. Calculate the highest common divisor of 121 and q.
11
Suppose 3 = 7*s - 1138. Let l = -98 + s. Calculate the highest common divisor of 26 and l.
13
Suppose -42 = -2*p - 36. Suppose -p*t = -4*h + 62, -h + 27 = 4*t + t. What is the highest common factor of h and 153?
17
Let x = 185 - -160. Calculate the greatest common divisor of 92 and x.
23
Let h(v) = -7*v**3 - 2*v**2 - 2*v - 1. Let f be h(-1). Suppose 2*k - 32 = 6*k. Let o be (1 + 12/(-3))*k/6. What is the highest common divisor of o and f?
2
Suppose -8*z + 8 = -16. Let g be 10/z*(-24)/(-20). Calculate the highest common factor of 8 and g.
4
Let n be (-18)/(-1)*90/36. Calculate the greatest common divisor of 525 and n.
15
Suppose -319*k + 30 = -317*k. What is the greatest common factor of k and 375?
15
Let b be ((-6)/(-4))/((-2)/(-4)) + -1. Let r = 5 - b. Calculate the highest common divisor of 27 and r.
3
Let s be 2*(-1)/2 + 3. Suppose -2 = -3*m + s*m. Suppose -4*k + 5*o = -41, 0 = -5*k + m*o + 81 - 17. Calculate the greatest common divisor of k and 2.
2
Suppose j - 2*c = 8, -j - 5*c = -60 + 17. Calculate the greatest common factor of j and 4.
2
Let k = 78 - 76. Suppose k*h - 8 = 42. Calculate the highest common factor of h and 5.
5
Let u(f) = 6*f - 15. Suppose -5*n - 5*m = -0*m - 15, -3*n = -m - 9. Let d be u(n). What is the highest common factor of 24 and d?
3
Suppose -7 = -4*u + 5. Suppose 5*m = 7*m - 192. Let j be (0 + -14)*m/(-112). Calculate the greatest common factor of u and j.
3
Let p = 47 + 56. Suppose 5*x = 5*g, -2*x + 4*x + 4 = 4*g. Suppose 0 = g*k - p + 33. Calculate the highest common factor of k and 140.
35
Let p = -65 + 191. Suppose 3*k + 0*k + 28 = l, -l + 38 = -4*k. Let m be 5*(2 + 1 + (-6)/k). Calculate the greatest common factor of p and m.
18
Suppose a = -4 + 9, -3*g + 250 = 2*a. Let y(w) = w**3 - 24*w**2 - 56*w - 3. Let o be y(-2). Calculate the greatest common factor of g and o.
5
Let s = 379 - -2133. What is the highest common divisor of 8 and s?
8
Let h be 4/(-10) + 792/55. Let m(g) = -14*g. Let r be m(-5). Calculate the greatest common divisor of h and r.
14
Let n = 35 + -26. Let j = -172 + 244. What is the highest common factor of j and n?
9
Let i(b) = 2*b**2 - 8*b + 2. Let x be i(6). Let t be 52 + -44 + -1 + 0 + 58. What is the greatest common divisor of t and x?
13
Let k = -15 - -18. Suppose -4*s - 35 = -k*v + 16, 2*v + 8 = -2*s. Let a be 6/s*(-51)/1. Calculate the highest common divisor of 17 and a.
17
Let b(w) = 21*w**2 + 23*w + 23. Let h be b(-1). Calculate the highest common divisor of 147 and h.
21
Suppose 32*s = 43*s - 1947. What is the greatest common divisor of s and 236?
59
Suppose -z - 3 = -0*z + 5*r, -z - 2*r = 0. Suppose -1 + 11 = z*n. Let y be 2 + 2 + (-6)/2. What is the greatest common divisor of y and n?
1
Suppose 5 = 6*b - 7. Let w(c) = -c + 1. Let p(u) = -u**3 + 2*u**2 + 1. Let x(n) = p(n) - 4*w(n). Let v be x(b). Calculate the greatest common factor of 2 and v.
1
Let m be (-3)/(3/(-2) - 0). Suppose 5*n = 2*s - 19, -2*s = m*s + 3*n - 77. Suppose -g + 23 + 164 = 0. Calculate the highest common divisor of g and s.
17
Let v(j) = 10*j**3 - 3*j**2 - j + 2. Let a be v(2). Suppose -55*u + 36*u + 1326 = 59*u. What is the greatest common factor of a and u?
17
Let m be -6 - 3/(21/(-385)). Calculate the highest common factor of m and 119.
7
Let j(h) = -h**3 - 8*h**2 + 4*h + 3. Let g be j(-9). Let f = g - 27. Calculate the highest common factor of 105 and f.
21
Suppose -50 = -3*a - 5*l, 3*a - 47 = 4*l + 48. Calculate the greatest common factor of 20 and a.
5
Let y(x) be the third derivative of -x**6/120 - 3*x**5/20 + 5*x**4/24 - 5*x**3/2 - 6*x**2. Let r be y(-10). Calculate the highest common factor of 5 and r.
5
Let w(p) = p**2 - 12*p + 47. Let q be w(6). What is the greatest common factor of q and 528?
11
Let u(n) = 11*n. Let i be u(-5). Let w = i - -88. Let y be -1 + ((-12)/15 - 64/(-5)). What is the greatest common divisor of y and w?
11
Suppose 5*d - 2*x = 526, -48 + 262 = 2*d - 2*x. What is the highest common divisor of d and 48?
8
Let t(x) = 5*x - 8. Let v be t(5). Let r = v - 11. Let m(l) = -l**2 + 9*l - 6. Let h be m(r). Calculate the greatest common divisor of h and 30.
6
Suppose 5*s + 3*y = 110, y = 2*